e -3*((-32)/g)/(-2). Let d = 23 + t. What is the units digit of d?
7
Let j = 8 - 4. Let m = j - 3. What is the units digit of m?
1
Let f(g) = 2*g**2 + 3*g - 4. Suppose 5*n = -15 - 5. What is the units digit of f(n)?
6
Let h(f) = f**2 + f - 3. Let p be -3*-1*(4 - 3). What is the units digit of h(p)?
9
Let u(v) = v**3 + 11*v**2 + v + 9. What is the hundreds digit of u(-8)?
1
Let l = -1 + -5. Let m = 13 - 14. What is the units digit of m/6 + (-19)/l?
3
Let v(g) = -2*g - 2. Let o be v(-4). Let u be ((-8)/(-2))/(1 + 1). What is the units digit of (-8)/o*(-9)/u?
6
Suppose 4*m = 2*a - 3 + 1, 0 = 5*a - m - 50. What is the units digit of a?
1
Let b be 3/5 - (-165)/(-25). Let t = b + 8. What is the units digit of 15/t - (-3)/6?
8
Let s = -11 + 15. Suppose -s*a = a - 55. Suppose 0 = -2*m + a + 1. What is the units digit of m?
6
Suppose -x - 2*x - 21 = 0. Let t(o) = -o**3 - 8*o**2 - 8*o - 6. Let v be t(x). Suppose -4*a + 3*a = -v. What is the units digit of a?
1
Let n(z) = -2*z - 10. Let l be n(-12). Suppose 2*f = 5*h - 1, -f - 5*h + 4 = -3. Suppose -f*k - 4*q + 2 = -l, 5*q = 15. What is the units digit of k?
2
Suppose -21 = 3*u - 84. Suppose 0 = 4*v - 3*p - 47, -p = 2*v - 2*p - u. Suppose -3*z = -v - 4. What is the units digit of z?
4
Let c(f) = -2*f - 1. Let h(o) = -o - 9. Let k be h(-8). What is the units digit of c(k)?
1
What is the units digit of 1632/40 + 1/5?
1
Let z(w) = -w**3 - w**2 - w + 10. Let k be z(0). Let n = 17 - k. What is the units digit of n?
7
Suppose 535 = 4*l - 141. What is the tens digit of l?
6
What is the units digit of 1714/8 + 2 + 9/(-4)?
4
Let o = -4 - -13. What is the units digit of o?
9
Suppose 35 = p - 102. What is the tens digit of p?
3
Let h(w) = -w**2 - 7*w + 1. Let v(t) = -2*t**2 - 14*t + 2. Let k be -3 + 1 + -14 + 3. Let x(j) = k*h(j) + 6*v(j). What is the tens digit of x(-9)?
1
Suppose 0 = 11*q - 6*q - 5*y - 120, 0 = 5*y + 15. What is the tens digit of q?
2
Suppose 2*c - 564 - 66 = -4*n, 4*c - 4*n - 1284 = 0. What is the units digit of c?
9
Let g = -88 + 58. What is the units digit of (-14)/5*g/12?
7
Let t = 11 - 3. Let v = 12 - 6. Let w = v + t. What is the units digit of w?
4
Let k(a) = -a**2 + 8*a - 10. Let o be k(7). Let v be o*2*1/6. Let g = 3 - v. What is the units digit of g?
4
Let w = 784 - 370. What is the hundreds digit of w?
4
Let r = -16 + 20. Suppose n + r*n = 30. What is the units digit of n?
6
Let y = 140 + -44. What is the units digit of y?
6
Suppose -4*s + 24 = -0*s. Let k(w) = -2*w - 14. Let l be k(-13). What is the units digit of 1 + l - 18/s?
0
Suppose q - 24 = w, 4*q + 4*w = 16 + 112. What is the units digit of q?
8
Let t(z) = z**3 + 11*z**2 + 4*z + 4. Let d be t(-5). Suppose v - 4*m = 50, 5*v - 2*m - 26 = d. Suppose -3*b + v = 2*b. What is the units digit of b?
6
Let a(t) be the first derivative of -t**4/4 - 5*t**3/3 + 4*t**2 + 8*t + 1. Let b be a(-6). What is the units digit of 6/b*(-20)/15?
2
Let j be 21*((-3)/9 + 1). Suppose -j = -3*q - 2. What is the units digit of q?
4
Let g(t) = -t**3 + 2*t**2 - t + 4. Let c be g(3). What is the units digit of (-6)/c*(-13 - -17)?
3
Let x = 21 + -6. Let r = x + -8. Let h = r + -5. What is the units digit of h?
2
Suppose 0 = 4*i - 2*d - 24, -i + 3*d = 3*i - 26. Suppose -4*f + 3*b + 96 = -f, 20 = f + i*b. What is the tens digit of f?
3
Let g be 75/5 - (-2 - -5). What is the units digit of g/42 + (-290)/(-14)?
1
Let b = -2 - -6. Suppose -b*p + 5*p = 34. What is the units digit of p?
4
What is the units digit of (-1 - (-22)/4)*(-830)/(-15)?
9
What is the tens digit of 122/4 - 2/4?
3
Let l = 1 + 5. Let d be (-4)/l + 565/15. Suppose 0*g - 27 = -3*g + 3*x, -5*x - d = -3*g. What is the units digit of g?
4
What is the units digit of ((-32)/(-10))/(22/55)?
8
Let p = 51 + -29. Let b = p - 11. What is the units digit of b?
1
Suppose 0 = 5*n - 4*i - 33, -1 = -5*n - 3*i + 18. Suppose 5*j - 30 = n*t, 0*j = j - 3*t + 2. What is the units digit of 6/(-4)*j/(-3)?
5
Let f(a) = -a**2 + 14*a - 11. Let j be f(13). Suppose j*y = -4*m - 0*y + 164, -8 = -4*y. What is the units digit of m?
0
Let w(y) = -16*y - 6. Let s be w(-6). Suppose j + d = 5*j - s, 3*j = -5*d + 56. What is the tens digit of j?
2
Suppose -3*s + 2*k - 3*k + 26 = 0, 5*s - 44 = -2*k. Let j be (-2)/8 + 50/s. Let b(p) = p + 4. What is the units digit of b(j)?
0
Let d be -2*((-6)/(-4) + -3). Suppose m + 0*m - 41 = x, -x = -d*m + 119. Let s = m - 25. What is the units digit of s?
4
Let m(k) = k**2 - 3*k + 2. Let t be m(2). What is the tens digit of (-1 + t)/((-12)/588)?
4
Let c(x) = x + 2 + x**2 - 37*x**3 + 7 - 8. What is the tens digit of c(-1)?
3
Suppose 5 = a - 0*a. Suppose 2*n = -5*o + a, -1 = -3*o + 4*n + 2. What is the units digit of o?
1
What is the tens digit of (4/6)/((-20)/(-930))?
3
Suppose -9*w + 4*w = 20. Let g(t) be the third derivative of t**6/120 + t**5/10 + 5*t**4/24 - t**3/3 + t**2. What is the units digit of g(w)?
0
Suppose -14 = 4*g + 2*z - 236, -3*g - 5*z + 149 = 0. Suppose 4*p - 26 = g. What is the units digit of p?
1
Let l(z) = z**3 - 4*z**2 - 2*z - 1. Let k(c) = -c**2 - 5*c - 2. Let r be k(-4). Suppose -16 = -r*i - 6. What is the units digit of l(i)?
4
Let t = 17 + 18. What is the tens digit of t?
3
Let t be 15/(-5) - (0 + -3). Suppose -c + t*c + 7 = 0. What is the units digit of c?
7
Let f be (-2)/2 + 2 + -1. Suppose f*l - l = -32. What is the units digit of l?
2
Let q(d) = -d**2 + 4*d + 3. Let t be q(4). Suppose 0 = 4*h + 9 + t. What is the tens digit of ((-2)/(-4))/(h/(-96))?
1
What is the units digit of 2/(-5)*35*-2?
8
Let b(z) = 7*z - 4. Let d be b(7). Suppose -10 - d = -5*p. What is the units digit of p?
1
Let u(t) = t**2 - t - 2. Suppose -3*l - 2*l - 3*c - 18 = 0, 0 = 2*l + 5*c - 8. Let x be u(l). Let o = x - 28. What is the tens digit of o?
1
Let q(n) = -3*n**3 - 5*n**2 + 5*n - 39. Let z(x) = 2*x**3 + 3*x**2 - 3*x + 20. Let u(v) = -3*q(v) - 5*z(v). What is the units digit of u(0)?
7
Let c(s) = s**3 - s**2 + 19. Let w be c(0). Suppose 0 = 3*q - w - 29. Let g = -6 + q. What is the units digit of g?
0
What is the tens digit of 2 - (0 - (-89)/(-1))?
9
Suppose -3*w = -2*w - 341. What is the units digit of w?
1
What is the units digit of 0 - (-7)/2*12?
2
Let y = -23 - -51. Suppose -7*a + 9*a = y. What is the units digit of a?
4
Let x(k) be the second derivative of -k**2 - 2*k + 1/6*k**3 + 0. What is the units digit of x(3)?
1
Suppose 0 - 36 = 4*d. Let m = d + 14. What is the units digit of m?
5
Let h = -216 + 325. What is the hundreds digit of h?
1
Let v(s) = -3*s - 3. Let i be v(-2). What is the units digit of (i/6)/(3/108)?
8
Let p be 2 - ((-10)/(-2) + -2). Let j be (2 - 3)*(p + 0). Suppose -3 = -2*i + j. What is the units digit of i?
2
Let b = 9 - 11. What is the units digit of 2/(((-8)/30)/b)?
5
Suppose -7*b + 2*b + 13 = 3*j, 0 = -5*j - 4*b + 13. Suppose 3*u = 59 + j. What is the tens digit of u?
2
Suppose -o + 2*o - 8 = 0. Let t(b) = b**2 + 4*b. Let r be t(-3). Let c = r + o. What is the units digit of c?
5
Let z = -3 - -5. Suppose 5*c - z*c - 18 = 0. What is the units digit of c?
6
Suppose -8 = -3*r + r. Let a = -1 + 7. Let u = a + r. What is the units digit of u?
0
Let v(h) = -h + 2. Let s be v(7). Let a(z) = -z - 2 - 4 + 2. What is the units digit of a(s)?
1
Suppose p = 3, -6*a - p = -7*a + 159. What is the hundreds digit of a?
1
Let l(p) = p**3 - 11*p**2 - 17*p - 5. Let v be l(13). Suppose -8 - v = -4*s. What is the tens digit of s?
3
Suppose 7*l = 237 + 78. What is the tens digit of l?
4
Suppose -6*v + 75 = -v. What is the units digit of v?
5
Suppose -244 - 36 = -5*a. Suppose -2*b + 12 = -a. What is the units digit of b?
4
Let q(r) = -r + 1. Let h be q(-5). Let v = 2 + h. What is the units digit of v?
8
Let j = 22 + -13. What is the units digit of 3*(3/j + 4)?
3
Let q be (-4)/(-2) - 0 - 0. Suppose 2*r - r - 1 = q*j, r - 16 = -j. What is the tens digit of r?
1
Let z(u) = u**3 + 15*u**2 - 19*u + 9. What is the units digit of z(-16)?
7
Let t = 0 + -2. Let y be -4*(15/6 + t). Let w(o) = o + 4. What is the units digit of w(y)?
2
Let a = -31 + 57. What is the units digit of a?
6
Let q = -87 + 161. What is the tens digit of q?
7
Suppose -2*g + 3*d = 2*d - 32, 2*g - 2*d = 28. What is the tens digit of g?
1
Let f = -2 + 2. Suppose f = -l + 6*l - 130. Suppose -2*p - b = -3*p + 6, -5*p + 3*b